{"id":59,"date":"2020-03-23T17:02:41","date_gmt":"2020-03-23T17:02:41","guid":{"rendered":"http:\/\/sonderverein-ostfriesische-moewen.de\/?page_id=59"},"modified":"2025-02-18T17:42:12","modified_gmt":"2025-02-18T17:42:12","slug":"vorstand","status":"publish","type":"page","link":"http:\/\/sonderverein-ostfriesische-moewen.de\/?page_id=59","title":{"rendered":"Vorstand und Ansprechpartner"},"content":{"rendered":"\n<p><em><strong>1. Vorsitzender:<\/strong><\/em><\/p>\n\n\n\n<p><strong>Lars Beyermann,<\/strong><\/p>\n\n\n\n<p> Nicolaistra\u00dfe 15<\/p>\n\n\n\n<p> 06406 Bernburg<\/p>\n\n\n\n<p>Tel. 0162-7111582<\/p>\n\n\n\n<p><em><strong>2. Vorsitzender<\/strong><\/em><\/p>\n\n\n\n<p><strong>Harald Akkermann<\/strong><\/p>\n\n\n\n<p>Hauptwieke 35<\/p>\n\n\n\n<p>26802 Moormerland<\/p>\n\n\n\n<p>Tel. 04954 7371<\/p>\n\n\n\n<p><em><strong>Kassierer<\/strong><\/em><\/p>\n\n\n\n<p><strong>Gerold Oostinga<\/strong><\/p>\n\n\n\n<p>Cirksenastra\u00dfe 138<\/p>\n\n\n\n<p>26723 Emden<\/p>\n\n\n\n<p>Tel. 0152-55161613<\/p>\n\n\n\n<p><em><strong>Zuchtwart<\/strong><\/em><\/p>\n\n\n\n<p><strong>Karl Fleischer<\/strong><\/p>\n\n\n\n<p>Holdorferstra\u00dfe 61<\/p>\n\n\n\n<p>49413 Dinklage <\/p>\n\n\n\n<p>Tel: 04443-1547<\/p>\n\n\n\n<p><strong><em>Schriftf\u00fchrerin<\/em><\/strong><\/p>\n\n\n\n<p><strong>Emma G\u00fcnther<\/strong><\/p>\n\n\n\n<p>Satzunger Hauptstra\u00dfe 44<\/p>\n\n\n\n<p>09496 Marienberg<\/p>\n\n\n\n<p>Tel: 0152-05490190<\/p>\n\n\n\n<p><strong>Beisitzer<\/strong><\/p>\n\n\n\n<p><strong>Michael Beckmeyer<\/strong><\/p>\n\n\n\n<p>Am Niederfeld 5<\/p>\n\n\n\n<p>31600 Uchte<\/p>\n\n\n\n<p>Tel: 0174-6773046<\/p>\n\n\n\n<p><em><strong>Technische Bereitstellung Internet<\/strong><\/em><\/p>\n\n\n\n<p>Michael Schlawin<\/p>\n\n\n\n<p>Fasanenweg 5<\/p>\n\n\n\n<p>26446 Friedeburg \/ Horsten<\/p>\n\n\n\n<p><\/p>\n\n\n\n<p><\/p>\n\n\n\n<p><\/p>\n","protected":false},"excerpt":{"rendered":"<p>1. Vorsitzender: Lars Beyermann, Nicolaistra\u00dfe 15 06406 Bernburg Tel. 0162-7111582 2. Vorsitzender Harald Akkermann Hauptwieke 35 26802 Moormerland Tel. 04954 7371 Kassierer Gerold Oostinga Cirksenastra\u00dfe 138 26723 Emden Tel. 0152-55161613 Zuchtwart Karl Fleischer Holdorferstra\u00dfe 61 49413 Dinklage Tel: 04443-1547 Schriftf\u00fchrerin Emma G\u00fcnther Satzunger Hauptstra\u00dfe 44 09496 Marienberg Tel: 0152-05490190 Beisitzer Michael Beckmeyer Am Niederfeld 5 &#8230; <a title=\"Vorstand und Ansprechpartner\" class=\"read-more\" href=\"http:\/\/sonderverein-ostfriesische-moewen.de\/?page_id=59\" aria-label=\"Mehr Informationen \u00fcber Vorstand und Ansprechpartner\">Weiterlesen<\/a><\/p>\n","protected":false},"author":1,"featured_media":0,"parent":0,"menu_order":0,"comment_status":"closed","ping_status":"closed","template":"","meta":{"footnotes":""},"class_list":["post-59","page","type-page","status-publish"],"_links":{"self":[{"href":"http:\/\/sonderverein-ostfriesische-moewen.de\/index.php?rest_route=\/wp\/v2\/pages\/59","targetHints":{"allow":["GET"]}}],"collection":[{"href":"http:\/\/sonderverein-ostfriesische-moewen.de\/index.php?rest_route=\/wp\/v2\/pages"}],"about":[{"href":"http:\/\/sonderverein-ostfriesische-moewen.de\/index.php?rest_route=\/wp\/v2\/types\/page"}],"author":[{"embeddable":true,"href":"http:\/\/sonderverein-ostfriesische-moewen.de\/index.php?rest_route=\/wp\/v2\/users\/1"}],"replies":[{"embeddable":true,"href":"http:\/\/sonderverein-ostfriesische-moewen.de\/index.php?rest_route=%2Fwp%2Fv2%2Fcomments&post=59"}],"version-history":[{"count":14,"href":"http:\/\/sonderverein-ostfriesische-moewen.de\/index.php?rest_route=\/wp\/v2\/pages\/59\/revisions"}],"predecessor-version":[{"id":594,"href":"http:\/\/sonderverein-ostfriesische-moewen.de\/index.php?rest_route=\/wp\/v2\/pages\/59\/revisions\/594"}],"wp:attachment":[{"href":"http:\/\/sonderverein-ostfriesische-moewen.de\/index.php?rest_route=%2Fwp%2Fv2%2Fmedia&parent=59"}],"curies":[{"name":"wp","href":"https:\/\/api.w.org\/{rel}","templated":true}]}}

<p><em><strong>1. Vorsitzender:</strong></em></p>



<p><strong>Lars Beyermann,</strong></p>



<p> Nicolaistraße 15</p>



<p> 06406 Bernburg</p>



<p>Tel. 0162-7111582</p>



<p><em><strong>2. Vorsitzender</strong></em></p>



<p><strong>Harald Akkermann</strong></p>



<p>Hauptwieke 35</p>



<p>26802 Moormerland</p>



<p>Tel. 04954 7371</p>



<p><em><strong>Kassierer</strong></em></p>



<p><strong>Gerold Oostinga</strong></p>



<p>Cirksenastraße 138</p>



<p>26723 Emden</p>



<p>Tel. 0152-55161613</p>



<p><em><strong>Zuchtwart</strong></em></p>



<p><strong>Karl Fleischer</strong></p>



<p>Holdorferstraße 61</p>



<p>49413 Dinklage </p>



<p>Tel: 04443-1547</p>



<p><strong><em>Schriftführerin</em></strong></p>



<p><strong>Emma Günther</strong></p>



<p>Satzunger Hauptstraße 44</p>



<p>09496 Marienberg</p>



<p>Tel: 0152-05490190</p>



<p><strong>Beisitzer</strong></p>



<p><strong>Michael Beckmeyer</strong></p>



<p>Am Niederfeld 5</p>



<p>31600 Uchte</p>



<p>Tel: 0174-6773046</p>



<p><em><strong>Technische Bereitstellung Internet</strong></em></p>



<p>Michael Schlawin</p>



<p>Fasanenweg 5</p>



<p>26446 Friedeburg / Horsten</p>



<p></p>



<p></p>



<p></p>

<p>1. Vorsitzender: Lars Beyermann, Nicolaistraße 15 06406 Bernburg Tel. 0162-7111582 2. Vorsitzender Harald Akkermann Hauptwieke 35 26802 Moormerland Tel. 04954 7371 Kassierer Gerold Oostinga Cirksenastraße 138 26723 Emden Tel. 0152-55161613 Zuchtwart Karl Fleischer Holdorferstraße 61 49413 Dinklage Tel: 04443-1547 Schriftführerin Emma Günther Satzunger Hauptstraße 44 09496 Marienberg Tel: 0152-05490190 Beisitzer Michael Beckmeyer Am Niederfeld 5 &#8230; <a title="Vorstand und Ansprechpartner" class="read-more" href="http://sonderverein-ostfriesische-moewen.de/?page_id=59" aria-label="Mehr Informationen über Vorstand und Ansprechpartner">Weiterlesen</a></p>
